**2 - 2. Let z(f) = -3*j(f) - 2*n(f). Let c(a) = -5*a**2 + 4*a + 7. Let w(m) = c(m) - 4*z(m). Calculate w(6).
-5
Let z(v) be the first derivative of -v**5/20 - v**4/4 - v**3/2 - 3*v**2/2 + v + 4. Let y(w) be the first derivative of z(w). What is y(-2)?
-1
Let w(c) = -4*c + 1. Let m(r) = r - 1. Let s(n) = 2*m(n) + w(n). Let u be (1/(-2))/(27/324). Give s(u).
11
Suppose -2*q + 5*t = 2*t, -t = q - 5. Suppose -q*p = -4*p + 3, 0 = v + 4*p - 13. Let r(y) = -2*y**3 + y**2 - 1. What is r(v)?
-2
Let i(l) = 5*l**3 + l**2 + 3*l + 5. Let k(h) = 6*h**3 + 2*h**2 + 4*h + 6. Let o(d) = 5*i(d) - 4*k(d). Suppose r = 2 - 8. Let g = r + 9. Give o(g).
-2
Let r(t) be the first derivative of 8 - 3/2*t**2 - 4*t. Give r(-3).
5
Let s(y) = 11*y - 6*y - 8*y. Let f be (1*-1)/(0 - -1). Give s(f).
3
Suppose 5*x + 2*x = 28. Let i(v) be the third derivative of -v**2 + 1/24*v**x + 0*v + v**3 + 0. Calculate i(0).
6
Let u(p) = 4*p**2 - 27*p + 24*p - 3 + 3*p**3 - 4*p**3. Determine u(3).
-3
Let t(a) = -8*a - 2*a**2 - 4 + 5*a + 7*a**2 - a**3. What is t(3)?
5
Let v(g) = g**2 - 2*g - 5. Suppose -2 = -k + 1. Let l be v(k). Let w(s) = s**3 + 2*s**2 - 3*s - 3. Give w(l).
3
Let u(f) be the second derivative of f**6/360 + f**5/120 - 11*f**4/24 - f**3/2 + 4*f. Let t(x) be the second derivative of u(x). Calculate t(0).
-11
Let l(r) = r + 7. Let i(f) = 9*f - 102. Let s be i(11). Determine l(s).
4
Let s be 3/12 + (-34)/8. Let p(g) = -1 - 4 - 1 + 5 + 5*g. Let c(q) = -5*q + 1. Let u(o) = s*p(o) - 5*c(o). What is u(-1)?
-6
Suppose 0 = -2*p + p. Let t(w) = -2*w. Let h(k) = -5*k. Let q(x) = x**2 - 2*x - 1. Let j be q(-2). Let i(z) = j*t(z) - 3*h(z). Give i(p).
0
Let t(k) = 5*k. Suppose -4*x + 4 + 4 = 0. What is t(x)?
10
Let a(r) = r**3 - r**2 - 2*r + 3. Suppose -3*x = 7 + 2. Let j(z) = -z**2 - 5*z - 3. Let v be j(x). Let i be (9/v)/3 + 1. Give a(i).
3
Let i(v) = -v**2 + 7*v - 7. Suppose -5 - 16 = -3*s - k, k = 3. What is i(s)?
-1
Let x = 42 - 39. Let p(n) = n. Calculate p(x).
3
Let h(z) = -7*z**2 + z + 12. Let w(v) = -6*v**2 + 2*v + 11. Let s(u) = 5*h(u) - 6*w(u). Let f be s(8). Let t(l) = -10 + 2 - 2*l + f*l - l. Give t(0).
-8
Let q(l) = -l**3 - 3*l**2 + 2*l + 2. Suppose 0 = -4*n - 6 - 6. What is q(n)?
-4
Let h(d) = d**2 - d - 6. Let p be h(0). Let a(k) = -k - 2. What is a(p)?
4
Let x(t) = 2*t - 9. Let b(o) = 5*o - 18. Let g(k) = -4*b(k) + 9*x(k). Suppose -15 = -5*c - 45. What is g(c)?
3
Let z = 11 + -21. Let l be z/(-12) + (-8)/(-48). Let u(i) = -5*i**3 + 2*i**2 - i. Determine u(l).
-4
Let m(a) = 2 - 2*a + a - 7. Suppose 4*f - 10 = -f, -5*f = -5*i - 35. Give m(i).
0
Let d = -8 + 12. Let u(a) = -a**2 + 4*a - 5. Calculate u(d).
-5
Let d(c) = 0 + 3 + 1 - 4*c**2 - 3 + c. Give d(-1).
-4
Let n(v) be the second derivative of -v**5/20 - 5*v**4/12 - v**3/3 + v**2/2 + 31*v. Calculate n(-3).
-11
Let x(l) = -l**3 + 9*l**2 - 7*l - 11. Let z be x(8). Let w be 9/z + 1 - -5. Let y(c) be the first derivative of -2*c**3/3 + 3*c**2/2 - 3*c - 2. Give y(w).
-12
Suppose -33 = 2*k + 5*o, 2 + 1 = 3*k - 3*o. Let c(t) = -t**3 - 4*t**2 + 2. Calculate c(k).
2
Let y(j) = -3*j**2 - 2*j + j**3 + 1 - j**2 + 5*j - 4*j. Let c = 38 + -34. Calculate y(c).
-3
Let y(t) = -10 - t - t**2 + 7*t + 5. Calculate y(5).
0
Let f be -3 + 0 + 2 + 1. Let b(j) be the first derivative of -j**4/4 + j**3/3 - j**2/2 - j - 21. Calculate b(f).
-1
Let m(i) be the first derivative of -i**4/12 - 5*i**3/6 + i**2/2 + 3*i + 4. Let x(t) be the first derivative of m(t). Give x(-5).
1
Suppose -9 - 1 = 2*k. Let n(i) = -6*i + 4 - 6*i**2 - 3 - 5 - i**3. What is n(k)?
1
Let h(s) = -s + 5. Let k = -10 - -16. Determine h(k).
-1
Let n(t) = 3*t**2 - t + 1. Let b be n(1). Suppose 4*u - 1 = b. Let i(j) = -2*j - 1 + 2 + 0*j - 3*j**2. Give i(u).
-4
Let w(c) = -c**2 + c + 2. Let s be w(4). Let a = s - -5. Let r(t) = -t**2 - 10*t + 4*t - 1 - 3. Give r(a).
1
Let i(n) be the third derivative of n**5/60 - n**4/6 - 5*n**3/6 + 6*n**2. Determine i(6).
7
Let g(r) be the first derivative of r**4/4 - r**3 - 3*r**2/2 + 2*r + 1. Let b = 21 + -18. What is g(b)?
-7
Suppose -3 = -5*w + 3*n - 26, 2*n - 18 = 4*w. Let o be (-4)/(-6) - w/(-6). Let d(a) = a**3 - a**2 + 3. Give d(o).
3
Let k = 2 - 0. Let j(f) = 3*f**2 + 2*f**k + 6 + 4*f - 15*f**3 + 14*f**3. What is j(6)?
-6
Let v(f) be the first derivative of f**3/3 + 7*f**2/2 - 5*f + 4. Calculate v(-7).
-5
Let r(v) = v**2 + 4*v + 2. Let s(z) = -2*z + 1. Let p(m) = 1. Let x(f) = 2*p(f) - s(f). Let j be x(-3). Determine r(j).
7
Suppose 0 = p - 3*q - 11, p - 4*q - 7 = -3*q. Let j(y) = y**3 - 6*y**2 + 4*y - 1. Calculate j(p).
-6
Let v be (0 + -3)*(5 - 9 - -3). Let m = 10 + -2. Let x(l) = v - l + m - 4. Determine x(0).
7
Let z(p) be the third derivative of -1/20*p**5 + 0*p + 1/120*p**6 + 0 - 5/24*p**4 + p**3 + 4*p**2. Let k be ((-4)/(-10))/((-2)/(-20)). Determine z(k).
2
Let c(b) = -b - 9. Let a(n) = 1. Suppose -8*l + 4*l + 16 = 0. Let m(u) = l*a(u) + c(u). Let o be (10/8)/((-2)/8). Give m(o).
0
Let z(o) = 2*o + 22. Let i be z(-10). Let c(s) = -6*s**2 - s - 1. Determine c(i).
-27
Let c(t) = -4*t + 3*t - 14 + 5. Let a be c(-7). Let u(b) be the first derivative of -b**2 - 1. Determine u(a).
4
Let t(w) = -3*w**2 - 2*w - 3. Let g be 1*4 + 22 + -28. Give t(g).
-11
Let a = 14 + -24. Let g(j) = 2*j + 14. Calculate g(a).
-6
Suppose -2*i = -5 + 1. Suppose 0 = -i*n - n + 15. Let v(y) = 8*y - 3 - 7*y - 3. Give v(n).
-1
Let s(n) = -9*n - 1 + 7*n + 8*n. Give s(-2).
-13
Suppose -4*w = 16 - 20. Let i(h) = -9*h - 3. Let t(j) = 1. Let s(f) = i(f) + 2*t(f). Determine s(w).
-10
Let r be -3 - -1 - (2 + -3). Let o = -3 - r. Let b(t) = -5*t + 5. Let j(c) = -11*c + 11. Let w(m) = -9*b(m) + 4*j(m). Give w(o).
-3
Suppose a = -4*a + 20. Let b(h) = h**3 - 3*h**2 - h - 5. Determine b(a).
7
Let j(b) = -b**3 + b**2 - b + 1. Let v(r) = -2*r**3 + 8*r**2 - r + 5. Let z(i) = 4*j(i) - v(i). What is z(-2)?
5
Let i(m) = -2*m**2 - m - 4. Let z be (-1)/2 + 7/2. Let p(h) = 3*h**2 + 2*h + 7. Let n(a) = z*p(a) + 5*i(a). Calculate n(-1).
-1
Let j be (30/12)/(2/(-4)). Let i(m) be the second derivative of -m**3/6 - 2*m**2 - 2*m. What is i(j)?
1
Let y(z) = -z**2 + 2*z + 5. Let u(i) = i**2 - 5*i - 9. Let s be u(7). What is y(s)?
-10
Let l(d) = 14*d**3 + 32*d**2 - 11*d + 38. Let c(m) = -5*m**3 - 11*m**2 + 4*m - 13. Let x(h) = -11*c(h) - 4*l(h). Calculate x(-7).
-9
Let w(h) be the third derivative of h**5/60 + h**4/24 - h**3/2 + 11*h**2. Let x = 1 - 0. Let q be 1 + (-1 - (1 - x)). Determine w(q).
-3
Let i be (4/(-6))/(2/3). Let m(p) be the second derivative of 0*p**2 + 0 + 0*p**4 + p + 1/6*p**3 - 3/20*p**5. Calculate m(i).
2
Let v(f) = -f**3 - 8*f**2 - 5*f + 7. Let o be v(-7). Let p(q) = -q**2 - 8*q - 1. Calculate p(o).
6
Let o(u) be the first derivative of u**4/4 - 7*u**3/3 + 3*u**2 - 2. Suppose 17 + 9 = 5*z - 4*n, 3*z = 2*n + 16. Let c = z + 0. Calculate o(c).
0
Let t(v) = -v**3 - v**2 + v - 1. Let o(b) = -7*b**3 - 3*b**2 + 7*b - 8. Let f(h) = -o(h) + 6*t(h). Give f(3).
-1
Let l(g) = g**3 + 6*g**2 + 4*g + 4. Let i = -16 - -10. Let c = i - -1. Determine l(c).
9
Suppose -5*d = -5*l - 5, 4*l + 3 = -2*d - 7. Let y(x) = -5*x - 10. Let a(m) = m + 1. Let i(o) = d*y(o) - 3*a(o). What is i(-5)?
-3
Let u(f) = -4*f**3 - 7*f**2 + 779*f + 5*f**3 - 774*f + 0*f**2 - 5. Give u(6).
-11
Let h be (-6)/14 + (-9)/(-21). Let i(g) = g**3 + 1. Give i(h).
1
Let a(d) = -6*d**3 + 4*d**2 + d - 3. Let u(w) = -13*w**3 + 7*w**2 + 2*w - 5. Let b(m) = -5*a(m) + 3*u(m). What is b(-1)?
9
Let n(z) be the second derivative of -z**7/420 + z**6/120 - z**4/12 - z**3/6 - 4*z. Let a(i) be the second derivative of n(i). Determine a(2).
-6
Let v = 5 + -4. Let c(r) = -4*r - 1. Give c(v).
-5
Let u(r) be the third derivative of -r**7/840 - r**6/120 - r**5/60 - r**4/8 + r**3/2 - r**2. Let f(p) be the first derivative of u(p). Calculate f(-2).
-3
Let d(p) = -p**3 + 2*p**2 + 3*p + 4. Let a = 10 + -4. Let j = -3 + a. Suppose 4*f + s - 15 = 0, 5*f + s - 27 = -j*s. Give d(f).
4
Let t = 9 - 3. Let a(m) = m - 2. Determine a(t).
4
Let u(c) = c**3 + 3*c**2 - 2. Let n be u(-2). Let i(w) be the second derivative of -w**3/6 + w**2 - 17*w. What is i(n)?
0
Let p(d) = -7*d - 1. Suppose 33 = 5*j + t, -3*t = -j + 2*j - 15. Let c(l) = 2*l + 1. Let m be c(3). Let a = m - j. Give p(a).
-8
Let t(k) be the third derivative of -k**4/24 - k**2. Let j(r) = -2*